001100?
1000001011
In base 7, what is 34 + -4?
30
In base 7, what is 146 + 414?
563
In base 6, what is 100 + 334?
434
In base 14, what is 0 + -156?
-156
In base 13, what is -7 - -b?
4
In base 5, what is 424 + -4?
420
In base 13, what is -2 + 1bb7?
1bb5
In base 4, what is 13 + -31?
-12
In base 5, what is 22 - 2?
20
In base 11, what is -277a + 2?
-2778
In base 10, what is 231 - -2?
233
In base 11, what is 5 - -24a?
254
In base 9, what is 0 + -136?
-136
In base 15, what is -1c + -85?
-a2
In base 14, what is 2 + -30?
-2c
In base 14, what is 0 - 47?
-47
In base 11, what is -4 - 1?
-5
In base 12, what is 0 - -182?
182
In base 6, what is 2331 - -22?
2353
In base 9, what is -4 - -178?
174
In base 11, what is -1 + -6?
-7
In base 9, what is -136 - -2?
-134
In base 8, what is -75 + -76?
-173
In base 13, what is -67 - -6?
-61
In base 16, what is -2c0 - 4?
-2c4
In base 5, what is -1 - -12242?
12241
In base 10, what is -53 + 8?
-45
In base 4, what is -101 + -131?
-232
In base 2, what is 10100 - 1101?
111
In base 9, what is -3 - -45?
42
In base 5, what is -13 + 4?
-4
In base 9, what is -8 + 8?
0
In base 4, what is 11 + -2003?
-1332
In base 16, what is -36 - 8?
-3e
In base 5, what is -1 + -102?
-103
In base 8, what is 5754 + -1?
5753
In base 9, what is 4 + 38?
43
In base 2, what is -1 - -1001101110?
1001101101
In base 6, what is -4 + -103?
-111
In base 11, what is 4 + -a02?
-9a9
In base 2, what is 1100010 - -11?
1100101
In base 6, what is 4 + 24?
32
In base 7, what is 3 - -322?
325
In base 15, what is 1a - 7?
13
In base 6, what is 0 + -4511?
-4511
In base 7, what is 5 - -3505?
3513
In base 6, what is 343 + -2?
341
In base 9, what is -12161 + -1?
-12162
In base 5, what is 342442 - 2?
342440
In base 7, what is -34 + 153?
116
In base 4, what is 10232 - 2?
10230
In base 11, what is -15 - 159?
-173
In base 11, what is -3 + -44a8?
-4500
In base 16, what is 5a5 + 1?
5a6
In base 16, what is -82 - -cb?
49
In base 8, what is 323 - -7?
332
In base 3, what is 1 - 222?
-221
In base 7, what is 1042 - -46?
1121
In base 13, what is 2 - 4a0?
-49b
In base 3, what is 2002121 - -2?
2002200
In base 15, what is -6 - 13?
-19
In base 12, what is -5 + 118?
113
In base 14, what is 1 - 39a3?
-39a2
In base 5, what is -1 - 220?
-221
In base 5, what is -1 - -23?
22
In base 7, what is -11 + -10?
-21
In base 9, what is 1 - 186?
-185
In base 14, what is -12 - -23b?
229
In base 7, what is 2454 - 1?
2453
In base 14, what is 166 + 2?
168
In base 11, what is -15 + 136?
121
In base 12, what is 3 + 12?
15
In base 9, what is -4 - 1208?
-1213
In base 12, what is 181 + 7?
188
In base 11, what is -6 + -9?
-14
In base 14, what is -6 - 38?
-40
In base 13, what is 0 - 3974?
-3974
In base 12, what is 23 - 3?
20
In base 14, what is 1 - -c?
d
In base 8, what is 22 + 2?
24
In base 10, what is -5 - -2109?
2104
In base 12, what is 11 + -42?
-31
In base 12, what is 42 - -37?
79
In base 3, what is 21221 - -1002?
100000
In base 9, what is -28 - -22?
-6
In base 12, what is 1 + 937?
938
In base 10, what is 33 + -4?
29
In base 2, what is -1101111101 + -1011?
-1110001000
In base 6, what is -5 - -3?
-2
In base 6, what is 14 + 32?
50
In base 11, what is -431 - 4?
-435
In base 9, what is -2 + 146?
144
In base 6, what is 43 + -225?
-142
In base 9, what is 3 - 83?
-80
In base 3, what is -222 + 21102?
20110
In base 14, what is -5 - -6c?
67
In base 16, what is -c + 0?
-c
In base 11, what is 199 - -1?
19a
In base 7, what is -3 - 45?
-51
In base 9, what is -28 - -530?
501
In base 8, what is -12 - -57?
45
In base 7, what is -2 + 364?
362
In base 2, what is 10 + 10?
100
In base 12, what is 392a + 1?
392b
In base 9, what is -10 + -17?
-27
In base 12, what is 5 - 4?
1
In base 9, what is -2 - -887?
885
In base 5, what is 103 + 11?
114
In base 6, what is -33 - 25?
-102
In base 12, what is 108 + 5?
111
In base 8, what is 0 + -46?
-46
In base 16, what is 5 - 1?
4
In base 2, what is 101 + 111000010?
111000111
In base 3, what is -101 + 1100?
222
In base 16, what is 2 - 6f?
-6d
In base 10, what is 831 + 25?
856
In base 9, what is 147 + 5?
153
In base 12, what is 10b + 15?
124
In base 4, what is -102 - 33?
-201
In base 15, what is -277 - -6?
-271
In base 14, what is -31 - 46d?
-4a0
In base 3, what is 11121 - 1110?
10011
In base 14, what is -4 - 79?
-7d
In base 5, what is 1144 + 2?
1201
In base 10, what is 313 + 2?
315
In base 11, what is 892 + -17?
876
In base 12, what is -5 - 10?
-15
In base 4, what is -11 - 10011?
-10022
In base 13, what is 25 + 4?
29
In base 6, what is -112 + -4?
-120
In base 7, what is 33 + -1?
32
In base 9, what is -5 + 116?
111
In base 10, what is -11 - 160?
-171
In base 15, what is 3bc - 1?
3bb
In base 2, what is 10110000001000 - 1?
10110000000111
In base 6, what is 3 - 415?
-412
In base 12, what is 37 - 0?
37
In base 15, what is 0 - -1c?
1c
In base 4, what is 11 + -302?
-231
In base 5, what is -33 - -11043?
11010
In base 3, what is 1010012 + -122?
1002120
In base 13, what is -c + -36?
-45
In base 6, what is 4 + -1112?
-1104
In base 16, what is -3c - -4?
-38
In base 3, what is 0 - 211200?
-211200
In base 15, what is -3 - -5c?
59
In base 15, what is 2 - -55?
57
In base 2, what is -100 - 1111101?
-10000001
In base 10, what is -10 + 9?
-1
In base 16, what is cdb - 9?
cd2
In base 2, what is 10101 + -101?
10000
In base 15, what is -8 + -19?
-22
In base 12, what is 8678 + -1?
8677
In base 11, what is 3 + 144?
147
In base 14, what is a51 - -1?
a52
In base 5, what is 0 + -30121?
-30121
In base 14, what is 0 + 1d27?
1d27
In base 8, what is 15 - -562?
577
In base 9, what is -28 + -45?
-74
In base 5, what is 422 + 1?
423
In base 7, what is -125 + 5?
-120
In base 8, what is 0 - 131?
-131
In base 11, what is -3 + -68?
-70
In base 14, what is 48 - 0?
48
In base 14, what is 0 - -28c?
28c
In base 8, what is 0 - -1215?
1215
In base 10, what is -213 + 0?
-213
In base 3, what is 111000 - -11?
111011
In base 11, what is -90 - 9?
-99
In base 11, what is -4 - 96?
-9a
In base 3, what is 112110 - -10?
112120
In base 13, what is 380 + 4?
384
In base 16, what is -2 + 411?
40f
In base 7, what is -264 - 2?
-266
In base 3, what is -21022 - -1122?
-12200
In base 10, what is -3 + -76?
-79
In base 2, what is -11111010 - 101?
-11111111
In base 2, what is -11000001 + 10?
-10111111
In base 8, what is -10 - -245?
235
In base 5, what is 321 + -24?
242
In base 12, what is -9 + -161?
-16a
In base 12, what is -4 + -1a1?
-1a5
In base 4, what is -111132 - -11?
-111121
In base 14, what is -51a + 3?
-517
In base 15, what is 22e - 3?
22b
In base 7, what is 2 - -3160?
3162
In base 7, what is 2 - 205?
-203
In base 12, what is 691 + -4?
689
In base 11, what is -32 + 6?
-27
In base 6, what is -11 + -24?
-35
In base 7, what is -421 - 23?
-444
In base 15, what is 4 + 29?
2d
In base 7, what is -40 - 11?
-51
In base 7, what is 4523 - -3?
4526
In base 8, what is -4242 - -4?
-4236
In base 9, what is -1 - -24?
23
In base 12, what is 14a + 6?
154
In base 5, what is 1020 - -10?
1030
In base 11, what is -5 - 1a6?
-200
In base 12, what is -13 + -100?
-113
In base 8, what is 344 + 25?
371
In base 15, what is -77 - 6e?
-e6
In base 9, what is 0 + -368?
-368
In base 9, what is 2 + -168?
-166
In base 16, what is f0 + 0?
f0
In base 7, what is 30 - -6?
36
In base 3, what is -2 - -2021100?
2021021
In base 2, what is -1 + -111000?
-111001
In base 13, what is -1 - c?
-10
In base 13, what is 40 - -5?
45
In base 2, what is 111 - -1000000?
1000111
In base 15, what is 79 - -1?
7a
In base 6, what is -12050 + -10?
-12100
In base 5, what is 2 + -2232?
-2230
In base 13, what is 308 + 3?
30b
In base 8, what is 63 + -4?
57
In base 9, what is -14 + 3123?
3108
In base 8, what is -56 - 2?
-60
In base 7, what is -5 - -61?
53
In base 15, what is -b4 - 9?
-bd
In base 2, what is -110 + -1101001?
-1101111
In base 2, what is -100 - -1001?
101
In base 4, what is -211111 - 2?
-211113
In base 10, what is -16 - 37?
-53
In base 8, what is 27 + 24?
53
In base 12, what is 0 - -28?
28
In base 10, what is -19 + 1070?
1051
In base 3, what is 11101 + -12?
11012
In base 5, what is -1 + 32?
31
In base 7, what is -61 + 6?
-52
In base 13, what is -3 - -38?
35
In base 7, what is 544 + -22?
522
In base 16, what is 2 + -b2?
-b0
In base 9, what is -4 + -354?
-358
In base 16, what is -78 - -f?
-69
In base 16, what i